{"id":1109,"date":"2024-03-15T21:21:24","date_gmt":"2024-03-15T21:21:24","guid":{"rendered":"https:\/\/colettematte.com\/Bienvenue\/?post_type=project&#038;p=1109"},"modified":"2024-03-15T21:21:24","modified_gmt":"2024-03-15T21:21:24","slug":"centre-des-arts-contemporains-du-quebec-cacq","status":"publish","type":"project","link":"https:\/\/colettematte.com\/Bienvenue\/project\/centre-des-arts-contemporains-du-quebec-cacq\/","title":{"rendered":"Centre des arts contemporains du Qu\u00e9bec (CACQ)"},"content":{"rendered":"<p>[et_pb_section fb_built=\u00a0\u00bb1&Prime; _builder_version=\u00a0\u00bb4.9.4&Prime; _module_preset=\u00a0\u00bbdefault\u00a0\u00bb][et_pb_row _builder_version=\u00a0\u00bb4.9.4&Prime; _module_preset=\u00a0\u00bbdefault\u00a0\u00bb column_structure=\u00a0\u00bb1_5,3_5,1_5&Prime;][et_pb_column _builder_version=\u00a0\u00bb4.9.4&Prime; _module_preset=\u00a0\u00bbdefault\u00a0\u00bb type=\u00a0\u00bb1_5&Prime;][\/et_pb_column][et_pb_column _builder_version=\u00a0\u00bb4.9.4&Prime; _module_preset=\u00a0\u00bbdefault\u00a0\u00bb type=\u00a0\u00bb3_5&Prime;][et_pb_text _builder_version=\u00a0\u00bb4.9.4&Prime; _module_preset=\u00a0\u00bbdefault\u00a0\u00bb hover_enabled=\u00a0\u00bb0&Prime; sticky_enabled=\u00a0\u00bb0&Prime;]<\/p>\n<div class=\"article-chapeau\">\n<p style=\"text-align: justify;\">Le Centre des arts contemporains du Qu\u00e9bec (CACQ) veut c\u00e9l\u00e9brer ses 40 ans d\u2019activit\u00e9s en grand dans ses locaux de Sorel-Tracy. Du 24 juin au 1<sup>er<\/sup> octobre, une trentaine d\u2019artistes de la r\u00e9gion de Qu\u00e9bec exposeront leurs toiles \u00e0 la galerie Les Chantiers, sur la rue de la Reine.<\/p>\n<\/div>\n<div><\/div>\n<div class=\"article-texte\">\n<p style=\"text-align: justify;\">Le vernissage aura lieu le 24 juin, \u00e0 14 h. Il y aura une prestation musicale de jazz de Marcel Therrien de 15 h \u00e0 20 h. Il sera aussi possible de rencontrer plusieurs de ces artistes de la Capitale-Nationale qui s\u2019unissent pour cette exposition au sein du collectif Qu\u00e9bec Art.<\/p>\n<p style=\"text-align: justify;\">L\u2019exposition gratuite, intitul\u00e9e <i>Qu\u00e9bec Art visite<\/i>, comptera entre autres des doyens de l\u2019art public au Qu\u00e9bec comme Don Darby et Aristide Gagnon ainsi des peintres de r\u00e9putation internationale tels que Jocelyn Gasse et Paul B\u00e9liveau. Les peintres Marie Rioux, Marie \u00c9mond, l\u2019artisane Colette Matte et le sculpteur Jean-Pierre Morin sont aussi du lot. Le muraliste Philippe Soldevilla, reconnu notamment pour l\u2019organisation d\u2019expositions-\u00e9v\u00e8nements surnomm\u00e9es Canadien Bacon, sera aussi sur place.<\/p>\n<p style=\"text-align: justify;\">\u00ab Soulignant son caract\u00e8re inter-r\u00e9gional et sa volont\u00e9 de cr\u00e9er des ponts entre les disciplines et les g\u00e9n\u00e9rations, le CACQ est fier de recevoir ce contingent d\u2019artistes d\u2019envergure. Pr\u00e9sentant une vari\u00e9t\u00e9 d\u2019approches et de m\u00e9diums, c\u2019est aussi l\u2019esprit de coll\u00e9gialit\u00e9 et d\u2019ind\u00e9pendance qui les caract\u00e9rise qu\u2019ils d\u00e9ploieront \u00e0 Sorel-Tracy, au b\u00e9n\u00e9fice de tous les visiteurs \u00bb, indique le pr\u00e9sident-directeur g\u00e9n\u00e9ral du CACQ, Dominique Rolland.<\/p>\n<p style=\"text-align: justify;\">\n<div class=\"name\">Jean-Philippe Morin<\/div>\n<div class=\"email\"><a href=\"mailto:jpmorin@les2rives.com\" target=\"_blank\" rel=\"noopener\">jpmorin@les2rives.com<\/a><\/div>\n<\/div>\n<p>[\/et_pb_text][\/et_pb_column][et_pb_column _builder_version=\u00a0\u00bb4.9.4&Prime; _module_preset=\u00a0\u00bbdefault\u00a0\u00bb type=\u00a0\u00bb1_5&Prime;][\/et_pb_column][\/et_pb_row][\/et_pb_section]<\/p>\n","protected":false},"excerpt":{"rendered":"<p>[et_pb_section fb_built=\u00a0\u00bb1&Prime; _builder_version=\u00a0\u00bb4.9.4&Prime; _module_preset=\u00a0\u00bbdefault\u00a0\u00bb][et_pb_row _builder_version=\u00a0\u00bb4.9.4&Prime; _module_preset=\u00a0\u00bbdefault\u00a0\u00bb column_structure=\u00a0\u00bb1_5,3_5,1_5&Prime;][et_pb_column _builder_version=\u00a0\u00bb4.9.4&Prime; _module_preset=\u00a0\u00bbdefault\u00a0\u00bb type=\u00a0\u00bb1_5&Prime;][\/et_pb_column][et_pb_column _builder_version=\u00a0\u00bb4.9.4&Prime; _module_preset=\u00a0\u00bbdefault\u00a0\u00bb type=\u00a0\u00bb3_5&Prime;][et_pb_text _builder_version=\u00a0\u00bb4.9.4&Prime; _module_preset=\u00a0\u00bbdefault\u00a0\u00bb hover_enabled=\u00a0\u00bb0&Prime; sticky_enabled=\u00a0\u00bb0&Prime;] Le Centre des arts contemporains du Qu\u00e9bec (CACQ) veut c\u00e9l\u00e9brer ses 40 ans d\u2019activit\u00e9s en grand dans ses locaux de Sorel-Tracy. Du 24 juin au 1er octobre, une trentaine d\u2019artistes de la r\u00e9gion de Qu\u00e9bec exposeront leurs toiles [&hellip;]<\/p>\n","protected":false},"author":1,"featured_media":0,"comment_status":"open","ping_status":"closed","template":"","meta":{"_et_pb_use_builder":"on","_et_pb_old_content":"","_et_gb_content_width":"","footnotes":""},"project_category":[29],"project_tag":[],"class_list":["post-1109","project","type-project","status-publish","hentry","project_category-expositions"],"_links":{"self":[{"href":"https:\/\/colettematte.com\/Bienvenue\/wp-json\/wp\/v2\/project\/1109","targetHints":{"allow":["GET"]}}],"collection":[{"href":"https:\/\/colettematte.com\/Bienvenue\/wp-json\/wp\/v2\/project"}],"about":[{"href":"https:\/\/colettematte.com\/Bienvenue\/wp-json\/wp\/v2\/types\/project"}],"author":[{"embeddable":true,"href":"https:\/\/colettematte.com\/Bienvenue\/wp-json\/wp\/v2\/users\/1"}],"replies":[{"embeddable":true,"href":"https:\/\/colettematte.com\/Bienvenue\/wp-json\/wp\/v2\/comments?post=1109"}],"version-history":[{"count":3,"href":"https:\/\/colettematte.com\/Bienvenue\/wp-json\/wp\/v2\/project\/1109\/revisions"}],"predecessor-version":[{"id":1113,"href":"https:\/\/colettematte.com\/Bienvenue\/wp-json\/wp\/v2\/project\/1109\/revisions\/1113"}],"wp:attachment":[{"href":"https:\/\/colettematte.com\/Bienvenue\/wp-json\/wp\/v2\/media?parent=1109"}],"wp:term":[{"taxonomy":"project_category","embeddable":true,"href":"https:\/\/colettematte.com\/Bienvenue\/wp-json\/wp\/v2\/project_category?post=1109"},{"taxonomy":"project_tag","embeddable":true,"href":"https:\/\/colettematte.com\/Bienvenue\/wp-json\/wp\/v2\/project_tag?post=1109"}],"curies":[{"name":"wp","href":"https:\/\/api.w.org\/{rel}","templated":true}]}}

Centre des arts contemporains du Québec (CACQ)

<p>[et_pb_section fb_built= »1&Prime; _builder_version= »4.9.4&Prime; _module_preset= »default »][et_pb_row _builder_version= »4.9.4&Prime; _module_preset= »default » column_structure= »1_5,3_5,1_5&Prime;][et_pb_column _builder_version= »4.9.4&Prime; _module_preset= »default » type= »1_5&Prime;][/et_pb_column][et_pb_column _builder_version= »4.9.4&Prime; _module_preset= »default » type= »3_5&Prime;][et_pb_text _builder_version= »4.9.4&Prime; _module_preset= »default » hover_enabled= »0&Prime; sticky_enabled= »0&Prime;]</p>
<div class="article-chapeau">
<p style="text-align: justify;">Le Centre des arts contemporains du Québec (CACQ) veut célébrer ses 40 ans d’activités en grand dans ses locaux de Sorel-Tracy. Du 24 juin au 1<sup>er</sup> octobre, une trentaine d’artistes de la région de Québec exposeront leurs toiles à la galerie Les Chantiers, sur la rue de la Reine.</p>
</div>
<div></div>
<div class="article-texte">
<p style="text-align: justify;">Le vernissage aura lieu le 24 juin, à 14 h. Il y aura une prestation musicale de jazz de Marcel Therrien de 15 h à 20 h. Il sera aussi possible de rencontrer plusieurs de ces artistes de la Capitale-Nationale qui s’unissent pour cette exposition au sein du collectif Québec Art.</p>
<p style="text-align: justify;">L’exposition gratuite, intitulée <i>Québec Art visite</i>, comptera entre autres des doyens de l’art public au Québec comme Don Darby et Aristide Gagnon ainsi des peintres de réputation internationale tels que Jocelyn Gasse et Paul Béliveau. Les peintres Marie Rioux, Marie Émond, l’artisane Colette Matte et le sculpteur Jean-Pierre Morin sont aussi du lot. Le muraliste Philippe Soldevilla, reconnu notamment pour l’organisation d’expositions-évènements surnommées Canadien Bacon, sera aussi sur place.</p>
<p style="text-align: justify;">« Soulignant son caractère inter-régional et sa volonté de créer des ponts entre les disciplines et les générations, le CACQ est fier de recevoir ce contingent d’artistes d’envergure. Présentant une variété d’approches et de médiums, c’est aussi l’esprit de collégialité et d’indépendance qui les caractérise qu’ils déploieront à Sorel-Tracy, au bénéfice de tous les visiteurs », indique le président-directeur général du CACQ, Dominique Rolland.</p>
<p style="text-align: justify;">
<div class="name">Jean-Philippe Morin</div>
<div class="email"><a href="mailto:jpmorin@les2rives.com" target="_blank" rel="noopener">jpmorin@les2rives.com</a></div>
</div>
<p>[/et_pb_text][/et_pb_column][et_pb_column _builder_version= »4.9.4&Prime; _module_preset= »default » type= »1_5&Prime;][/et_pb_column][/et_pb_row][/et_pb_section]</p>

<p>[et_pb_section fb_built= »1&Prime; _builder_version= »4.9.4&Prime; _module_preset= »default »][et_pb_row _builder_version= »4.9.4&Prime; _module_preset= »default » column_structure= »1_5,3_5,1_5&Prime;][et_pb_column _builder_version= »4.9.4&Prime; _module_preset= »default » type= »1_5&Prime;][/et_pb_column][et_pb_column _builder_version= »4.9.4&Prime; _module_preset= »default » type= »3_5&Prime;][et_pb_text _builder_version= »4.9.4&Prime; _module_preset= »default » hover_enabled= »0&Prime; sticky_enabled= »0&Prime;] Le Centre des arts contemporains du Québec (CACQ) veut célébrer ses 40 ans d’activités en grand dans ses locaux de Sorel-Tracy. Du 24 juin au 1er octobre, une trentaine d’artistes de la région de Québec exposeront leurs toiles [&hellip;]</p>
