{"id":157,"date":"2018-01-28T19:06:21","date_gmt":"2018-01-28T19:06:21","guid":{"rendered":"https:\/\/colettematte.com\/Bienvenue\/?post_type=project&#038;p=157"},"modified":"2021-04-16T20:03:44","modified_gmt":"2021-04-16T20:03:44","slug":"que-fais-tu-dimanche","status":"publish","type":"project","link":"https:\/\/colettematte.com\/Bienvenue\/project\/que-fais-tu-dimanche\/","title":{"rendered":"Que fais-tu dimanche"},"content":{"rendered":"<p>[et_pb_section fb_built=\u00a0\u00bb1&Prime; admin_label=\u00a0\u00bbsection\u00a0\u00bb _builder_version=\u00a0\u00bb3.22&Prime;][et_pb_row column_structure=\u00a0\u00bb3_5,2_5&Prime; _builder_version=\u00a0\u00bb4.9.4&Prime; _module_preset=\u00a0\u00bbdefault\u00a0\u00bb][et_pb_column type=\u00a0\u00bb3_5&Prime; _builder_version=\u00a0\u00bb4.9.4&Prime; _module_preset=\u00a0\u00bbdefault\u00a0\u00bb][et_pb_text _builder_version=\u00a0\u00bb4.9.4&Prime; _module_preset=\u00a0\u00bbdefault\u00a0\u00bb hover_enabled=\u00a0\u00bb0&Prime; sticky_enabled=\u00a0\u00bb0&Prime;]<\/p>\n<p>Une structure travers\u00e9e par la lumi\u00e8re Six faces, tant\u00f4t pleines, tant\u00f4t ajour\u00e9es Six jours de la semaine, leur lumi\u00e8re mitig\u00e9e parfois claire, parfois sombre<br \/>Au sommet le septi\u00e8me jour<br \/>L\u2019espace de lumi\u00e8re n\u00e9cessaire \u00e0 l\u2019existence Que fais-tu dimanche ?<br \/>Une r\u00e9flexion sur le temps qui passe<br \/>Cette sculpture verticale surmont\u00e9e d\u2019une croix \u00e9voque le clocher de l\u2019\u00e9glise, le point de rep\u00e8re du village. Les faces de la structure sont de m\u00e9tal et de verre.<br \/>Dans les portions de verre, des personnages se soutiennent d\u2019une g\u00e9n\u00e9ration \u00e0 l\u2019autre. C\u2019est \u00e0 travers eux que la lumi\u00e8re passe.<br \/>La structure de l\u2019\u0153uvre est ouverte comme la place de l\u2019\u00c9glise, un lieu d\u2019accueil et de rassemblement.<\/p>\n<p>&nbsp;<\/p>\n<div class=\"page\" title=\"Page 2\">\n<div class=\"section\">\n<div class=\"layoutArea\">\n<div class=\"column\">\n<p><span>La sculpture, commande\u0301e par la fabrique de Cap-Sante\u0301 pour souligner le<br \/>250<\/span><span>e <\/span><span>anniversaire de l\u2019e\u0301glise et le<br \/>325<\/span><span>e <\/span><span>anniversaire de Cap-Sante\u0301, a e\u0301te\u0301 de\u0301voile\u0301e par le cardinal Marc Ouellet,<\/span><\/p>\n<p><span>le 20 juin 2004.<\/span><\/p>\n<p><span><\/span><\/p>\n<p><span>Dimensions<\/span><\/p>\n<p><span>Hauteur : 300 cm<br \/>Largeur et profondeur : 91,5 cm<\/span><\/p>\n<p><span>Mate\u0301riaux<\/span><\/p>\n<p><span>Verre antique allemand et franc\u0327ais, en de\u0301grade\u0301 de clair a\u0300 bleu fonce\u0301, serti dans le plomb<\/span><\/p>\n<p><span>Structure en acier inoxydable Base de granit noir<\/span><\/p>\n<div class=\"page\" title=\"Page 2\"><\/div>\n<\/div>\n<\/div>\n<\/div>\n<\/div>\n<p>[\/et_pb_text][\/et_pb_column][et_pb_column type=\u00a0\u00bb2_5&Prime; _builder_version=\u00a0\u00bb4.9.4&Prime; _module_preset=\u00a0\u00bbdefault\u00a0\u00bb][et_pb_image src=\u00a0\u00bbhttps:\/\/colettematte.com\/Bienvenue\/wp-content\/uploads\/2018\/01\/001.jpg\u00a0\u00bb title_text=\u00a0\u00bb001&Prime; _builder_version=\u00a0\u00bb4.9.4&Prime; _module_preset=\u00a0\u00bbdefault\u00a0\u00bb][\/et_pb_image][\/et_pb_column][\/et_pb_row][et_pb_row column_structure=\u00a0\u00bb1_2,1_2&Prime; _builder_version=\u00a0\u00bb4.9.4&Prime; _module_preset=\u00a0\u00bbdefault\u00a0\u00bb][et_pb_column type=\u00a0\u00bb1_2&Prime; _builder_version=\u00a0\u00bb4.9.4&Prime; _module_preset=\u00a0\u00bbdefault\u00a0\u00bb][et_pb_image src=\u00a0\u00bbhttps:\/\/colettematte.com\/Bienvenue\/wp-content\/uploads\/2018\/01\/IMG_1812.jpg\u00a0\u00bb title_text=\u00a0\u00bbIMG_1812&Prime; _builder_version=\u00a0\u00bb4.9.4&Prime; _module_preset=\u00a0\u00bbdefault\u00a0\u00bb][\/et_pb_image][\/et_pb_column][et_pb_column type=\u00a0\u00bb1_2&Prime; _builder_version=\u00a0\u00bb4.9.4&Prime; _module_preset=\u00a0\u00bbdefault\u00a0\u00bb][et_pb_image src=\u00a0\u00bbhttps:\/\/colettematte.com\/Bienvenue\/wp-content\/uploads\/2018\/01\/002.jpg\u00a0\u00bb title_text=\u00a0\u00bb002&Prime; _builder_version=\u00a0\u00bb4.9.4&Prime; _module_preset=\u00a0\u00bbdefault\u00a0\u00bb][\/et_pb_image][\/et_pb_column][\/et_pb_row][\/et_pb_section]<\/p>\n","protected":false},"excerpt":{"rendered":"<p>[et_pb_section fb_built=\u00a0\u00bb1&Prime; admin_label=\u00a0\u00bbsection\u00a0\u00bb _builder_version=\u00a0\u00bb3.22&Prime;][et_pb_row column_structure=\u00a0\u00bb3_5,2_5&Prime; _builder_version=\u00a0\u00bb4.9.4&Prime; _module_preset=\u00a0\u00bbdefault\u00a0\u00bb][et_pb_column type=\u00a0\u00bb3_5&Prime; _builder_version=\u00a0\u00bb4.9.4&Prime; _module_preset=\u00a0\u00bbdefault\u00a0\u00bb][et_pb_text _builder_version=\u00a0\u00bb4.9.4&Prime; _module_preset=\u00a0\u00bbdefault\u00a0\u00bb hover_enabled=\u00a0\u00bb0&Prime; sticky_enabled=\u00a0\u00bb0&Prime;] Une structure travers\u00e9e par la lumi\u00e8re Six faces, tant\u00f4t pleines, tant\u00f4t ajour\u00e9es Six jours de la semaine, leur lumi\u00e8re mitig\u00e9e parfois claire, parfois sombreAu sommet le septi\u00e8me jourL\u2019espace de lumi\u00e8re n\u00e9cessaire \u00e0 l\u2019existence Que fais-tu dimanche ?Une r\u00e9flexion sur le temps [&hellip;]<\/p>\n","protected":false},"author":1,"featured_media":676,"comment_status":"open","ping_status":"closed","template":"","meta":{"_et_pb_use_builder":"on","_et_pb_old_content":"","_et_gb_content_width":"","footnotes":""},"project_category":[8],"project_tag":[],"class_list":["post-157","project","type-project","status-publish","has-post-thumbnail","hentry","project_category-oeuvre-permanente"],"_links":{"self":[{"href":"https:\/\/colettematte.com\/Bienvenue\/wp-json\/wp\/v2\/project\/157","targetHints":{"allow":["GET"]}}],"collection":[{"href":"https:\/\/colettematte.com\/Bienvenue\/wp-json\/wp\/v2\/project"}],"about":[{"href":"https:\/\/colettematte.com\/Bienvenue\/wp-json\/wp\/v2\/types\/project"}],"author":[{"embeddable":true,"href":"https:\/\/colettematte.com\/Bienvenue\/wp-json\/wp\/v2\/users\/1"}],"replies":[{"embeddable":true,"href":"https:\/\/colettematte.com\/Bienvenue\/wp-json\/wp\/v2\/comments?post=157"}],"version-history":[{"count":3,"href":"https:\/\/colettematte.com\/Bienvenue\/wp-json\/wp\/v2\/project\/157\/revisions"}],"predecessor-version":[{"id":1083,"href":"https:\/\/colettematte.com\/Bienvenue\/wp-json\/wp\/v2\/project\/157\/revisions\/1083"}],"wp:featuredmedia":[{"embeddable":true,"href":"https:\/\/colettematte.com\/Bienvenue\/wp-json\/wp\/v2\/media\/676"}],"wp:attachment":[{"href":"https:\/\/colettematte.com\/Bienvenue\/wp-json\/wp\/v2\/media?parent=157"}],"wp:term":[{"taxonomy":"project_category","embeddable":true,"href":"https:\/\/colettematte.com\/Bienvenue\/wp-json\/wp\/v2\/project_category?post=157"},{"taxonomy":"project_tag","embeddable":true,"href":"https:\/\/colettematte.com\/Bienvenue\/wp-json\/wp\/v2\/project_tag?post=157"}],"curies":[{"name":"wp","href":"https:\/\/api.w.org\/{rel}","templated":true}]}}

<p>[et_pb_section fb_built= »1&Prime; admin_label= »section » _builder_version= »3.22&Prime;][et_pb_row column_structure= »3_5,2_5&Prime; _builder_version= »4.9.4&Prime; _module_preset= »default »][et_pb_column type= »3_5&Prime; _builder_version= »4.9.4&Prime; _module_preset= »default »][et_pb_text _builder_version= »4.9.4&Prime; _module_preset= »default » hover_enabled= »0&Prime; sticky_enabled= »0&Prime;]</p>
<p>Une structure traversée par la lumière Six faces, tantôt pleines, tantôt ajourées Six jours de la semaine, leur lumière mitigée parfois claire, parfois sombre<br />Au sommet le septième jour<br />L’espace de lumière nécessaire à l’existence Que fais-tu dimanche ?<br />Une réflexion sur le temps qui passe<br />Cette sculpture verticale surmontée d’une croix évoque le clocher de l’église, le point de repère du village. Les faces de la structure sont de métal et de verre.<br />Dans les portions de verre, des personnages se soutiennent d’une génération à l’autre. C’est à travers eux que la lumière passe.<br />La structure de l’œuvre est ouverte comme la place de l’Église, un lieu d’accueil et de rassemblement.</p>
<p>&nbsp;</p>
<div class="page" title="Page 2">
<div class="section">
<div class="layoutArea">
<div class="column">
<p><span>La sculpture, commandée par la fabrique de Cap-Santé pour souligner le<br />250</span><span>e </span><span>anniversaire de l’église et le<br />325</span><span>e </span><span>anniversaire de Cap-Santé, a été dévoilée par le cardinal Marc Ouellet,</span></p>
<p><span>le 20 juin 2004.</span></p>
<p><span></span></p>
<p><span>Dimensions</span></p>
<p><span>Hauteur : 300 cm<br />Largeur et profondeur : 91,5 cm</span></p>
<p><span>Matériaux</span></p>
<p><span>Verre antique allemand et français, en dégradé de clair à bleu foncé, serti dans le plomb</span></p>
<p><span>Structure en acier inoxydable Base de granit noir</span></p>
<div class="page" title="Page 2"></div>
</div>
</div>
</div>
</div>
<p>[/et_pb_text][/et_pb_column][et_pb_column type= »2_5&Prime; _builder_version= »4.9.4&Prime; _module_preset= »default »][et_pb_image src= »https://colettematte.com/Bienvenue/wp-content/uploads/2018/01/001.jpg » title_text= »001&Prime; _builder_version= »4.9.4&Prime; _module_preset= »default »][/et_pb_image][/et_pb_column][/et_pb_row][et_pb_row column_structure= »1_2,1_2&Prime; _builder_version= »4.9.4&Prime; _module_preset= »default »][et_pb_column type= »1_2&Prime; _builder_version= »4.9.4&Prime; _module_preset= »default »][et_pb_image src= »https://colettematte.com/Bienvenue/wp-content/uploads/2018/01/IMG_1812.jpg » title_text= »IMG_1812&Prime; _builder_version= »4.9.4&Prime; _module_preset= »default »][/et_pb_image][/et_pb_column][et_pb_column type= »1_2&Prime; _builder_version= »4.9.4&Prime; _module_preset= »default »][et_pb_image src= »https://colettematte.com/Bienvenue/wp-content/uploads/2018/01/002.jpg » title_text= »002&Prime; _builder_version= »4.9.4&Prime; _module_preset= »default »][/et_pb_image][/et_pb_column][/et_pb_row][/et_pb_section]</p>

<p>[et_pb_section fb_built= »1&Prime; admin_label= »section » _builder_version= »3.22&Prime;][et_pb_row column_structure= »3_5,2_5&Prime; _builder_version= »4.9.4&Prime; _module_preset= »default »][et_pb_column type= »3_5&Prime; _builder_version= »4.9.4&Prime; _module_preset= »default »][et_pb_text _builder_version= »4.9.4&Prime; _module_preset= »default » hover_enabled= »0&Prime; sticky_enabled= »0&Prime;] Une structure traversée par la lumière Six faces, tantôt pleines, tantôt ajourées Six jours de la semaine, leur lumière mitigée parfois claire, parfois sombreAu sommet le septième jourL’espace de lumière nécessaire à l’existence Que fais-tu dimanche ?Une réflexion sur le temps [&hellip;]</p>
