{"id":161,"date":"2018-03-19T19:10:11","date_gmt":"2018-03-19T19:10:11","guid":{"rendered":"https:\/\/colettematte.com\/Bienvenue\/?post_type=project&#038;p=161"},"modified":"2018-04-13T19:58:14","modified_gmt":"2018-04-13T19:58:14","slug":"mouvement-de-lame","status":"publish","type":"project","link":"https:\/\/colettematte.com\/Bienvenue\/project\/mouvement-de-lame\/","title":{"rendered":"Mouvement de l&rsquo;\u00e2me"},"content":{"rendered":"<p>[et_pb_section bb_built=\u00a0\u00bb1&Prime; admin_label=\u00a0\u00bbsection\u00a0\u00bb][et_pb_row admin_label=\u00a0\u00bbLigne\u00a0\u00bb][et_pb_column type=\u00a0\u00bb1_4&Prime;][et_pb_image admin_label=\u00a0\u00bbImage\u00a0\u00bb src=\u00a0\u00bbhttps:\/\/colettematte.com\/Bienvenue\/wp-content\/uploads\/2018\/01\/dia1007.jpg\u00a0\u00bb show_in_lightbox=\u00a0\u00bboff\u00a0\u00bb url_new_window=\u00a0\u00bboff\u00a0\u00bb use_overlay=\u00a0\u00bboff\u00a0\u00bb sticky=\u00a0\u00bboff\u00a0\u00bb align=\u00a0\u00bbleft\u00a0\u00bb always_center_on_mobile=\u00a0\u00bbon\u00a0\u00bb use_border_color=\u00a0\u00bboff\u00a0\u00bb border_color=\u00a0\u00bb#ffffff\u00a0\u00bb border_style=\u00a0\u00bbsolid\u00a0\u00bb force_fullwidth=\u00a0\u00bboff\u00a0\u00bb animation=\u00a0\u00bbleft\u00a0\u00bb \/][et_pb_text admin_label=\u00a0\u00bbTexte\u00a0\u00bb background_layout=\u00a0\u00bblight\u00a0\u00bb text_orientation=\u00a0\u00bbleft\u00a0\u00bb use_border_color=\u00a0\u00bboff\u00a0\u00bb border_color=\u00a0\u00bb#ffffff\u00a0\u00bb border_style=\u00a0\u00bbsolid\u00a0\u00bb]<\/p>\n<p>TITRE\u00a0: <b><i>Mouvements de l\u2019\u00e2me<\/i><\/b><\/p>\n<p>DATE\u00a0: 2005<\/p>\n<p>MAT\u00c9RIAUX\u00a0: Tissus de lin (neuf et usag\u00e9), verre flott\u00e9, cuivre, acier, filtres polarisants.<\/p>\n<p>DIMENSIONS\u00a0: H\u00a0: 20 cm, L\u00a0: 85 cm, P\u00a0: 56 cm.<\/p>\n<p>[\/et_pb_text][et_pb_image admin_label=\u00a0\u00bbImage\u00a0\u00bb src=\u00a0\u00bbhttps:\/\/colettematte.com\/Bienvenue\/wp-content\/uploads\/2018\/01\/mouvement_r2_c5.gif\u00a0\u00bb show_in_lightbox=\u00a0\u00bboff\u00a0\u00bb url_new_window=\u00a0\u00bboff\u00a0\u00bb use_overlay=\u00a0\u00bboff\u00a0\u00bb sticky=\u00a0\u00bboff\u00a0\u00bb align=\u00a0\u00bbleft\u00a0\u00bb always_center_on_mobile=\u00a0\u00bbon\u00a0\u00bb use_border_color=\u00a0\u00bboff\u00a0\u00bb border_color=\u00a0\u00bb#ffffff\u00a0\u00bb border_style=\u00a0\u00bbsolid\u00a0\u00bb force_fullwidth=\u00a0\u00bboff\u00a0\u00bb animation=\u00a0\u00bbleft\u00a0\u00bb \/][\/et_pb_column][et_pb_column type=\u00a0\u00bb3_4&Prime;][et_pb_text admin_label=\u00a0\u00bbTexte\u00a0\u00bb background_layout=\u00a0\u00bblight\u00a0\u00bb text_orientation=\u00a0\u00bbleft\u00a0\u00bb use_border_color=\u00a0\u00bboff\u00a0\u00bb border_color=\u00a0\u00bb#ffffff\u00a0\u00bb border_style=\u00a0\u00bbsolid\u00a0\u00bb]<\/p>\n<p><b>\u00a0\u00a0<\/b><i>Mouvement de l\u2019\u00e2me, <\/i>est une \u0153uvre interactive, elle fut pr\u00e9sent\u00e9e \u00e0 la premi\u00e8re Biennale internationale du lin de Portneuf et con\u00e7ue sur la th\u00e9matique\u00a0: <i>Toute votre \u00e2me sur l\u2019oreiller.<\/i> Cette installation, pour laquelle j\u2019ai re\u00e7u le premier prix, parle des messages que notre\u00a0 subconscient nous envoie durant notre sommeil. Ces visions d\u2019\u00e9v\u00e8nements pass\u00e9s et \u00e0 venir qui nous influencent inconsciemment et que notre \u00e2me s\u00e9lectionne et organise, pour nous amener vers l\u2019\u00e9panouissement auquel nous aspirons.<\/p>\n<p>Cet assemblage de carr\u00e9s de lin neuf et usag\u00e9 cousus les uns aux autres, \u00e0 la mani\u00e8re d\u2019un patchwork, prend la forme d\u2019un oreiller. Un enfilage de fils d\u2019acier, entre les coutures de cet ouvrage, structure sa forme. Le panneau d\u2019\u00e9clairage, cousu \u00e0 l\u2019int\u00e9rieur de l\u2019oeuvre, permet le passage de la lumi\u00e8re \u00e0 travers les 54 pi\u00e8ces de verre ins\u00e9r\u00e9es au centre de chacun des carr\u00e9s du patchwork.<\/p>\n<p>La particularit\u00e9 de cet assemblage, c\u2019est qu\u2019il int\u00e8gre des \u00e9l\u00e9ments\u00a0 qui d\u00e9composent la lumi\u00e8re blanche. \u00c0 premi\u00e8re vue, les pi\u00e8ces de verre sont claires et transparentes, on y voit des graines de lin, mais en utilisant le filtre polarisant suspendu au dessus de l\u2019\u0153uvre, l\u2019observateur d\u00e9couvre des formes et des couleurs.\u00a0 De plus, en tournant le filtre ou en se d\u00e9pla\u00e7ant autour de l\u2019\u0153uvre, il d\u00e9couvre toute sa dynamique, une mouvance de formes et de couleurs.<\/p>\n<p>[\/et_pb_text][\/et_pb_column][\/et_pb_row][\/et_pb_section]<\/p>\n","protected":false},"excerpt":{"rendered":"<p>[et_pb_section bb_built=\u00a0\u00bb1&Prime; admin_label=\u00a0\u00bbsection\u00a0\u00bb][et_pb_row admin_label=\u00a0\u00bbLigne\u00a0\u00bb][et_pb_column type=\u00a0\u00bb1_4&Prime;][et_pb_image admin_label=\u00a0\u00bbImage\u00a0\u00bb src=\u00a0\u00bbhttps:\/\/colettematte.com\/Bienvenue\/wp-content\/uploads\/2018\/01\/dia1007.jpg\u00a0\u00bb show_in_lightbox=\u00a0\u00bboff\u00a0\u00bb url_new_window=\u00a0\u00bboff\u00a0\u00bb use_overlay=\u00a0\u00bboff\u00a0\u00bb sticky=\u00a0\u00bboff\u00a0\u00bb align=\u00a0\u00bbleft\u00a0\u00bb always_center_on_mobile=\u00a0\u00bbon\u00a0\u00bb use_border_color=\u00a0\u00bboff\u00a0\u00bb border_color=\u00a0\u00bb#ffffff\u00a0\u00bb border_style=\u00a0\u00bbsolid\u00a0\u00bb force_fullwidth=\u00a0\u00bboff\u00a0\u00bb animation=\u00a0\u00bbleft\u00a0\u00bb \/][et_pb_text admin_label=\u00a0\u00bbTexte\u00a0\u00bb background_layout=\u00a0\u00bblight\u00a0\u00bb text_orientation=\u00a0\u00bbleft\u00a0\u00bb use_border_color=\u00a0\u00bboff\u00a0\u00bb border_color=\u00a0\u00bb#ffffff\u00a0\u00bb border_style=\u00a0\u00bbsolid\u00a0\u00bb] TITRE\u00a0: Mouvements de l\u2019\u00e2me DATE\u00a0: 2005 MAT\u00c9RIAUX\u00a0: Tissus de lin (neuf et usag\u00e9), verre flott\u00e9, cuivre, acier, filtres polarisants. DIMENSIONS\u00a0: H\u00a0: 20 cm, L\u00a0: 85 cm, P\u00a0: 56 cm. [\/et_pb_text][et_pb_image [&hellip;]<\/p>\n","protected":false},"author":1,"featured_media":231,"comment_status":"open","ping_status":"closed","template":"","meta":{"_et_pb_use_builder":"on","_et_pb_old_content":"<p><b>\u00a0\u00a0<\/b><i>Mouvement de l\u2019\u00e2me, <\/i>est une \u0153uvre interactive, elle fut pr\u00e9sent\u00e9e \u00e0 la premi\u00e8re Biennale internationale du lin de Portneuf et con\u00e7ue sur la th\u00e9matique\u00a0: <i>Toute votre \u00e2me sur l\u2019oreiller.<\/i> Cette installation, pour laquelle j\u2019ai re\u00e7u le premier prix, parle des messages que notre\u00a0 subconscient nous envoie durant notre sommeil. Ces visions d\u2019\u00e9v\u00e8nements pass\u00e9s et \u00e0 venir qui nous influencent inconsciemment et que notre \u00e2me s\u00e9lectionne et organise, pour nous amener vers l\u2019\u00e9panouissement auquel nous aspirons.<\/p><p>\u00a0\u00a0 \u00a0 \u00a0 \u00a0 \u00a0 \u00a0 \u00a0 \u00a0 \u00a0 Cet assemblage de carr\u00e9s de lin neuf et usag\u00e9 cousus les uns aux autres, \u00e0 la mani\u00e8re d\u2019un patchwork, prend la forme d\u2019un oreiller. Un enfilage de fils d\u2019acier, entre les coutures de cet ouvrage, structure sa forme. Le panneau d\u2019\u00e9clairage, cousu \u00e0 l\u2019int\u00e9rieur de l\u2019oeuvre, permet le passage de la lumi\u00e8re \u00e0 travers les 54 pi\u00e8ces de verre ins\u00e9r\u00e9es au centre de chacun des carr\u00e9s du patchwork.<\/p><p>\u00a0\u00a0 \u00a0 \u00a0 \u00a0 \u00a0 \u00a0 \u00a0 \u00a0 \u00a0 La particularit\u00e9 de cet assemblage, c\u2019est qu\u2019il int\u00e8gre des \u00e9l\u00e9ments\u00a0 qui d\u00e9composent la lumi\u00e8re blanche. \u00c0 premi\u00e8re vue, les pi\u00e8ces de verre sont claires et transparentes, on y voit des graines de lin, mais en utilisant le filtre polarisant suspendu au dessus de l\u2019\u0153uvre, l\u2019observateur d\u00e9couvre des formes et des couleurs.\u00a0 De plus, en tournant le filtre ou en se d\u00e9pla\u00e7ant autour de l\u2019\u0153uvre, il d\u00e9couvre toute sa dynamique, une mouvance de formes et de couleurs.<\/p>","_et_gb_content_width":"","footnotes":""},"project_category":[13,4],"project_tag":[],"class_list":["post-161","project","type-project","status-publish","has-post-thumbnail","hentry","project_category-installation-chromo-cinetique","project_category-arts-visuels"],"_links":{"self":[{"href":"https:\/\/colettematte.com\/Bienvenue\/wp-json\/wp\/v2\/project\/161","targetHints":{"allow":["GET"]}}],"collection":[{"href":"https:\/\/colettematte.com\/Bienvenue\/wp-json\/wp\/v2\/project"}],"about":[{"href":"https:\/\/colettematte.com\/Bienvenue\/wp-json\/wp\/v2\/types\/project"}],"author":[{"embeddable":true,"href":"https:\/\/colettematte.com\/Bienvenue\/wp-json\/wp\/v2\/users\/1"}],"replies":[{"embeddable":true,"href":"https:\/\/colettematte.com\/Bienvenue\/wp-json\/wp\/v2\/comments?post=161"}],"version-history":[{"count":3,"href":"https:\/\/colettematte.com\/Bienvenue\/wp-json\/wp\/v2\/project\/161\/revisions"}],"predecessor-version":[{"id":232,"href":"https:\/\/colettematte.com\/Bienvenue\/wp-json\/wp\/v2\/project\/161\/revisions\/232"}],"wp:featuredmedia":[{"embeddable":true,"href":"https:\/\/colettematte.com\/Bienvenue\/wp-json\/wp\/v2\/media\/231"}],"wp:attachment":[{"href":"https:\/\/colettematte.com\/Bienvenue\/wp-json\/wp\/v2\/media?parent=161"}],"wp:term":[{"taxonomy":"project_category","embeddable":true,"href":"https:\/\/colettematte.com\/Bienvenue\/wp-json\/wp\/v2\/project_category?post=161"},{"taxonomy":"project_tag","embeddable":true,"href":"https:\/\/colettematte.com\/Bienvenue\/wp-json\/wp\/v2\/project_tag?post=161"}],"curies":[{"name":"wp","href":"https:\/\/api.w.org\/{rel}","templated":true}]}}

Mouvement de l&rsquo;âme

<p>[et_pb_section bb_built= »1&Prime; admin_label= »section »][et_pb_row admin_label= »Ligne »][et_pb_column type= »1_4&Prime;][et_pb_image admin_label= »Image » src= »https://colettematte.com/Bienvenue/wp-content/uploads/2018/01/dia1007.jpg » show_in_lightbox= »off » url_new_window= »off » use_overlay= »off » sticky= »off » align= »left » always_center_on_mobile= »on » use_border_color= »off » border_color= »#ffffff » border_style= »solid » force_fullwidth= »off » animation= »left » /][et_pb_text admin_label= »Texte » background_layout= »light » text_orientation= »left » use_border_color= »off » border_color= »#ffffff » border_style= »solid »]</p>
<p>TITRE : <b><i>Mouvements de l’âme</i></b></p>
<p>DATE : 2005</p>
<p>MATÉRIAUX : Tissus de lin (neuf et usagé), verre flotté, cuivre, acier, filtres polarisants.</p>
<p>DIMENSIONS : H : 20 cm, L : 85 cm, P : 56 cm.</p>
<p>[/et_pb_text][et_pb_image admin_label= »Image » src= »https://colettematte.com/Bienvenue/wp-content/uploads/2018/01/mouvement_r2_c5.gif » show_in_lightbox= »off » url_new_window= »off » use_overlay= »off » sticky= »off » align= »left » always_center_on_mobile= »on » use_border_color= »off » border_color= »#ffffff » border_style= »solid » force_fullwidth= »off » animation= »left » /][/et_pb_column][et_pb_column type= »3_4&Prime;][et_pb_text admin_label= »Texte » background_layout= »light » text_orientation= »left » use_border_color= »off » border_color= »#ffffff » border_style= »solid »]</p>
<p><b>  </b><i>Mouvement de l’âme, </i>est une œuvre interactive, elle fut présentée à la première Biennale internationale du lin de Portneuf et conçue sur la thématique : <i>Toute votre âme sur l’oreiller.</i> Cette installation, pour laquelle j’ai reçu le premier prix, parle des messages que notre  subconscient nous envoie durant notre sommeil. Ces visions d’évènements passés et à venir qui nous influencent inconsciemment et que notre âme sélectionne et organise, pour nous amener vers l’épanouissement auquel nous aspirons.</p>
<p>Cet assemblage de carrés de lin neuf et usagé cousus les uns aux autres, à la manière d’un patchwork, prend la forme d’un oreiller. Un enfilage de fils d’acier, entre les coutures de cet ouvrage, structure sa forme. Le panneau d’éclairage, cousu à l’intérieur de l’oeuvre, permet le passage de la lumière à travers les 54 pièces de verre insérées au centre de chacun des carrés du patchwork.</p>
<p>La particularité de cet assemblage, c’est qu’il intègre des éléments  qui décomposent la lumière blanche. À première vue, les pièces de verre sont claires et transparentes, on y voit des graines de lin, mais en utilisant le filtre polarisant suspendu au dessus de l’œuvre, l’observateur découvre des formes et des couleurs.  De plus, en tournant le filtre ou en se déplaçant autour de l’œuvre, il découvre toute sa dynamique, une mouvance de formes et de couleurs.</p>
<p>[/et_pb_text][/et_pb_column][/et_pb_row][/et_pb_section]</p>

<p>[et_pb_section bb_built= »1&Prime; admin_label= »section »][et_pb_row admin_label= »Ligne »][et_pb_column type= »1_4&Prime;][et_pb_image admin_label= »Image » src= »https://colettematte.com/Bienvenue/wp-content/uploads/2018/01/dia1007.jpg » show_in_lightbox= »off » url_new_window= »off » use_overlay= »off » sticky= »off » align= »left » always_center_on_mobile= »on » use_border_color= »off » border_color= »#ffffff » border_style= »solid » force_fullwidth= »off » animation= »left » /][et_pb_text admin_label= »Texte » background_layout= »light » text_orientation= »left » use_border_color= »off » border_color= »#ffffff » border_style= »solid »] TITRE : Mouvements de l’âme DATE : 2005 MATÉRIAUX : Tissus de lin (neuf et usagé), verre flotté, cuivre, acier, filtres polarisants. DIMENSIONS : H : 20 cm, L : 85 cm, P : 56 cm. [/et_pb_text][et_pb_image [&hellip;]</p>

<p><b>  </b><i>Mouvement de l’âme, </i>est une œuvre interactive, elle fut présentée à la première Biennale internationale du lin de Portneuf et conçue sur la thématique : <i>Toute votre âme sur l’oreiller.</i> Cette installation, pour laquelle j’ai reçu le premier prix, parle des messages que notre  subconscient nous envoie durant notre sommeil. Ces visions d’évènements passés et à venir qui nous influencent inconsciemment et que notre âme sélectionne et organise, pour nous amener vers l’épanouissement auquel nous aspirons.</p><p>                   Cet assemblage de carrés de lin neuf et usagé cousus les uns aux autres, à la manière d’un patchwork, prend la forme d’un oreiller. Un enfilage de fils d’acier, entre les coutures de cet ouvrage, structure sa forme. Le panneau d’éclairage, cousu à l’intérieur de l’oeuvre, permet le passage de la lumière à travers les 54 pièces de verre insérées au centre de chacun des carrés du patchwork.</p><p>                   La particularité de cet assemblage, c’est qu’il intègre des éléments  qui décomposent la lumière blanche. À première vue, les pièces de verre sont claires et transparentes, on y voit des graines de lin, mais en utilisant le filtre polarisant suspendu au dessus de l’œuvre, l’observateur découvre des formes et des couleurs.  De plus, en tournant le filtre ou en se déplaçant autour de l’œuvre, il découvre toute sa dynamique, une mouvance de formes et de couleurs.</p>
