{"id":218,"date":"2018-01-02T20:58:04","date_gmt":"2018-01-02T20:58:04","guid":{"rendered":"https:\/\/colettematte.com\/Bienvenue\/?post_type=project&#038;p=218"},"modified":"2018-04-13T20:05:23","modified_gmt":"2018-04-13T20:05:23","slug":"a-lepaule","status":"publish","type":"project","link":"https:\/\/colettematte.com\/Bienvenue\/project\/a-lepaule\/","title":{"rendered":"\u00c0 l&rsquo;\u00e9paule"},"content":{"rendered":"<p>[et_pb_section bb_built=\u00a0\u00bb1&Prime; admin_label=\u00a0\u00bbsection\u00a0\u00bb][et_pb_row admin_label=\u00a0\u00bbLigne\u00a0\u00bb][et_pb_column type=\u00a0\u00bb1_4&Prime;][et_pb_image admin_label=\u00a0\u00bbImage\u00a0\u00bb src=\u00a0\u00bbhttps:\/\/colettematte.com\/Bienvenue\/wp-content\/uploads\/2018\/01\/009.jpg\u00a0\u00bb show_in_lightbox=\u00a0\u00bbon\u00a0\u00bb url_new_window=\u00a0\u00bboff\u00a0\u00bb use_overlay=\u00a0\u00bboff\u00a0\u00bb sticky=\u00a0\u00bboff\u00a0\u00bb align=\u00a0\u00bbleft\u00a0\u00bb always_center_on_mobile=\u00a0\u00bbon\u00a0\u00bb use_border_color=\u00a0\u00bbon\u00a0\u00bb border_color=\u00a0\u00bb#e09900&Prime; border_style=\u00a0\u00bbdouble\u00a0\u00bb force_fullwidth=\u00a0\u00bboff\u00a0\u00bb animation=\u00a0\u00bbleft\u00a0\u00bb \/][\/et_pb_column][et_pb_column type=\u00a0\u00bb3_4&Prime;][et_pb_text admin_label=\u00a0\u00bbTexte\u00a0\u00bb background_layout=\u00a0\u00bblight\u00a0\u00bb text_orientation=\u00a0\u00bbleft\u00a0\u00bb use_border_color=\u00a0\u00bboff\u00a0\u00bb border_color=\u00a0\u00bb#ffffff\u00a0\u00bb border_style=\u00a0\u00bbsolid\u00a0\u00bb]<\/p>\n<p>TITRE: <em>\u00c0 l\u2019\u00e9paule<\/em><br \/>\nDATE\u00a0: 2009<\/p>\n<p>MAT\u00c9RIAUX\u00a0: Lin (semence et fibre), bois, acier, cordage, verre.<br \/>\nDIMENSIONS\u00a0: Le canot in situ\u00a0: H\u00a0: 50 cm, L\u00a0: 400 cm, P\u00a0: 100 cm.<br \/>\nLa flottille\u00a0: H\u00a0: 7 cm, L\u00a0: 100 cm, P\u00a0: 500 cm<\/p>\n<p><em>\u00c0 l\u2019\u00e9paule<\/em> est une \u0153uvre, li\u00e9 au paysage et \u00e0 la vie de ses occupants. C\u2019est une installation temporaire occupant le site de la chapelle Notre-Dame-de-la-Paix durant plusieurs mois. Un projet artistique r\u00e9alis\u00e9 avec la participation de la communaut\u00e9 de Lac-Sergent. Inspir\u00e9e par le lieu et son histoire, je pr\u00e9sente le 28 juillet 2008, \u00e0 la Direction de la Biennale internationale du lin de Portneuf, ce projet d\u2019exposition\u00a0 <em>\u00c0 l\u2019\u00e9paule<\/em>, une installation ext\u00e9rieure et temporaire,en r\u00e9ponse \u00e0 leur appel de projet artistique \u00a0impliquant la communaut\u00e9 de Lac-Sergent. S\u00e9lectionn\u00e9e parmi 7 propositions, l\u2019\u0153uvre r\u00e9alis\u00e9e r\u00e9unie, par la symbolique de la graine de lin, un canot couch\u00e9 tiss\u00e9 \u00e0 m\u00eame le lin ensemenc\u00e9 sur le site et 70 canots de bois, identifi\u00e9s par la communaut\u00e9 et amarr\u00e9s \u00e0 l\u2019\u00e9paule au quai situ\u00e9 devant La Chapelle.<\/p>\n<p class=\"lastNode\">Ce projet d\u00e9bute le 23 mai 2009, par l\u2019ensemencement de l\u2019espace canot. Au cours de l\u2019\u00e9t\u00e9 la r\u00e9alisation de l\u2019\u0153uvre suscite la participation d\u2019une centaine de citoyens, lesquels ont entretenu le site, personnalis\u00e9 leurs canots et r\u00e9alis\u00e9 des n\u0153uds (pomme de touline) jouant le r\u00f4le de d\u00e9fense entre ceux-ci. Entre le 15 et le 20 ao\u00fbt 2009, le lin \u00e0 maturit\u00e9 me permet de proc\u00e9der au tissage du canot in situ et l\u2019arriv\u00e9e du dernier canot personnalis\u00e9 de terminer l\u2019assemblage de cet ensemble sur une structure apte \u00e0 la navigation. Le 22 ao\u00fbt, lors du vernissage, l\u2019amarrage de l\u2019ensemble des canots de bois est pr\u00e9c\u00e9d\u00e9 du transport de cette flottille, effectu\u00e9 par quatre jeunes rameurs exp\u00e9riment\u00e9s, \u00e0 partir du Club nautique.<\/p>\n<p>[\/et_pb_text][\/et_pb_column][\/et_pb_row][et_pb_row admin_label=\u00a0\u00bbLigne\u00a0\u00bb][et_pb_column type=\u00a0\u00bb1_2&Prime;][et_pb_image admin_label=\u00a0\u00bbImage\u00a0\u00bb src=\u00a0\u00bbhttps:\/\/colettematte.com\/Bienvenue\/wp-content\/uploads\/2018\/01\/010.jpg\u00a0\u00bb show_in_lightbox=\u00a0\u00bbon\u00a0\u00bb url_new_window=\u00a0\u00bboff\u00a0\u00bb use_overlay=\u00a0\u00bboff\u00a0\u00bb sticky=\u00a0\u00bboff\u00a0\u00bb align=\u00a0\u00bbleft\u00a0\u00bb always_center_on_mobile=\u00a0\u00bbon\u00a0\u00bb use_border_color=\u00a0\u00bboff\u00a0\u00bb border_color=\u00a0\u00bb#ffffff\u00a0\u00bb border_style=\u00a0\u00bbsolid\u00a0\u00bb force_fullwidth=\u00a0\u00bboff\u00a0\u00bb animation=\u00a0\u00bbleft\u00a0\u00bb \/][\/et_pb_column][et_pb_column type=\u00a0\u00bb1_2&Prime;][et_pb_image admin_label=\u00a0\u00bbImage\u00a0\u00bb src=\u00a0\u00bbhttps:\/\/colettematte.com\/Bienvenue\/wp-content\/uploads\/2018\/01\/bateau-4.jpg\u00a0\u00bb show_in_lightbox=\u00a0\u00bbon\u00a0\u00bb url_new_window=\u00a0\u00bboff\u00a0\u00bb use_overlay=\u00a0\u00bboff\u00a0\u00bb sticky=\u00a0\u00bboff\u00a0\u00bb align=\u00a0\u00bbleft\u00a0\u00bb always_center_on_mobile=\u00a0\u00bbon\u00a0\u00bb use_border_color=\u00a0\u00bboff\u00a0\u00bb border_color=\u00a0\u00bb#ffffff\u00a0\u00bb border_style=\u00a0\u00bbsolid\u00a0\u00bb force_fullwidth=\u00a0\u00bboff\u00a0\u00bb animation=\u00a0\u00bbleft\u00a0\u00bb \/][\/et_pb_column][\/et_pb_row][et_pb_row admin_label=\u00a0\u00bbLigne\u00a0\u00bb][et_pb_column type=\u00a0\u00bb4_4&Prime;][\/et_pb_column][\/et_pb_row][et_pb_row admin_label=\u00a0\u00bbLigne\u00a0\u00bb][et_pb_column type=\u00a0\u00bb1_4&Prime;][\/et_pb_column][et_pb_column type=\u00a0\u00bb1_2&Prime;][et_pb_video_slider admin_label=\u00a0\u00bbCurseur de d\u00e9filement vid\u00e9o\u00a0\u00bb show_arrows=\u00a0\u00bbon\u00a0\u00bb show_thumbnails=\u00a0\u00bbon\u00a0\u00bb show_image_overlay=\u00a0\u00bbhide\u00a0\u00bb controls_color=\u00a0\u00bblight\u00a0\u00bb]<\/p>\n<p>[et_pb_video_slider_item src=\u00a0\u00bbhttps:\/\/colettematte.com\/Bienvenue\/wp-content\/uploads\/2018\/01\/colette-\u00e0-l\u00e9paule.mov\u00a0\u00bb background_layout=\u00a0\u00bbdark\u00a0\u00bb \/]<\/p>\n<p>[\/et_pb_video_slider][\/et_pb_column][et_pb_column type=\u00a0\u00bb1_4&Prime;][\/et_pb_column][\/et_pb_row][\/et_pb_section]<\/p>\n","protected":false},"excerpt":{"rendered":"<p>[et_pb_section bb_built=\u00a0\u00bb1&Prime; admin_label=\u00a0\u00bbsection\u00a0\u00bb][et_pb_row admin_label=\u00a0\u00bbLigne\u00a0\u00bb][et_pb_column type=\u00a0\u00bb1_4&Prime;][et_pb_image admin_label=\u00a0\u00bbImage\u00a0\u00bb src=\u00a0\u00bbhttps:\/\/colettematte.com\/Bienvenue\/wp-content\/uploads\/2018\/01\/009.jpg\u00a0\u00bb show_in_lightbox=\u00a0\u00bbon\u00a0\u00bb url_new_window=\u00a0\u00bboff\u00a0\u00bb use_overlay=\u00a0\u00bboff\u00a0\u00bb sticky=\u00a0\u00bboff\u00a0\u00bb align=\u00a0\u00bbleft\u00a0\u00bb always_center_on_mobile=\u00a0\u00bbon\u00a0\u00bb use_border_color=\u00a0\u00bbon\u00a0\u00bb border_color=\u00a0\u00bb#e09900&Prime; border_style=\u00a0\u00bbdouble\u00a0\u00bb force_fullwidth=\u00a0\u00bboff\u00a0\u00bb animation=\u00a0\u00bbleft\u00a0\u00bb \/][\/et_pb_column][et_pb_column type=\u00a0\u00bb3_4&Prime;][et_pb_text admin_label=\u00a0\u00bbTexte\u00a0\u00bb background_layout=\u00a0\u00bblight\u00a0\u00bb text_orientation=\u00a0\u00bbleft\u00a0\u00bb use_border_color=\u00a0\u00bboff\u00a0\u00bb border_color=\u00a0\u00bb#ffffff\u00a0\u00bb border_style=\u00a0\u00bbsolid\u00a0\u00bb] TITRE: \u00c0 l\u2019\u00e9paule DATE\u00a0: 2009 MAT\u00c9RIAUX\u00a0: Lin (semence et fibre), bois, acier, cordage, verre. DIMENSIONS\u00a0: Le canot in situ\u00a0: H\u00a0: 50 cm, L\u00a0: 400 cm, P\u00a0: 100 cm. La [&hellip;]<\/p>\n","protected":false},"author":1,"featured_media":131,"comment_status":"open","ping_status":"closed","template":"","meta":{"_et_pb_use_builder":"on","_et_pb_old_content":"","_et_gb_content_width":"","footnotes":""},"project_category":[3,12,4,7,10],"project_tag":[],"class_list":["post-218","project","type-project","status-publish","has-post-thumbnail","hentry","project_category-installations","project_category-installation-avec-participation-citoyenne","project_category-arts-visuels","project_category-installations-in-situ","project_category-oeuvre-temporaire"],"_links":{"self":[{"href":"https:\/\/colettematte.com\/Bienvenue\/wp-json\/wp\/v2\/project\/218","targetHints":{"allow":["GET"]}}],"collection":[{"href":"https:\/\/colettematte.com\/Bienvenue\/wp-json\/wp\/v2\/project"}],"about":[{"href":"https:\/\/colettematte.com\/Bienvenue\/wp-json\/wp\/v2\/types\/project"}],"author":[{"embeddable":true,"href":"https:\/\/colettematte.com\/Bienvenue\/wp-json\/wp\/v2\/users\/1"}],"replies":[{"embeddable":true,"href":"https:\/\/colettematte.com\/Bienvenue\/wp-json\/wp\/v2\/comments?post=218"}],"version-history":[{"count":12,"href":"https:\/\/colettematte.com\/Bienvenue\/wp-json\/wp\/v2\/project\/218\/revisions"}],"predecessor-version":[{"id":751,"href":"https:\/\/colettematte.com\/Bienvenue\/wp-json\/wp\/v2\/project\/218\/revisions\/751"}],"wp:featuredmedia":[{"embeddable":true,"href":"https:\/\/colettematte.com\/Bienvenue\/wp-json\/wp\/v2\/media\/131"}],"wp:attachment":[{"href":"https:\/\/colettematte.com\/Bienvenue\/wp-json\/wp\/v2\/media?parent=218"}],"wp:term":[{"taxonomy":"project_category","embeddable":true,"href":"https:\/\/colettematte.com\/Bienvenue\/wp-json\/wp\/v2\/project_category?post=218"},{"taxonomy":"project_tag","embeddable":true,"href":"https:\/\/colettematte.com\/Bienvenue\/wp-json\/wp\/v2\/project_tag?post=218"}],"curies":[{"name":"wp","href":"https:\/\/api.w.org\/{rel}","templated":true}]}}

À l&rsquo;épaule

<p>[et_pb_section bb_built= »1&Prime; admin_label= »section »][et_pb_row admin_label= »Ligne »][et_pb_column type= »1_4&Prime;][et_pb_image admin_label= »Image » src= »https://colettematte.com/Bienvenue/wp-content/uploads/2018/01/009.jpg » show_in_lightbox= »on » url_new_window= »off » use_overlay= »off » sticky= »off » align= »left » always_center_on_mobile= »on » use_border_color= »on » border_color= »#e09900&Prime; border_style= »double » force_fullwidth= »off » animation= »left » /][/et_pb_column][et_pb_column type= »3_4&Prime;][et_pb_text admin_label= »Texte » background_layout= »light » text_orientation= »left » use_border_color= »off » border_color= »#ffffff » border_style= »solid »]</p>
<p>TITRE: <em>À l’épaule</em><br />
DATE : 2009</p>
<p>MATÉRIAUX : Lin (semence et fibre), bois, acier, cordage, verre.<br />
DIMENSIONS : Le canot in situ : H : 50 cm, L : 400 cm, P : 100 cm.<br />
La flottille : H : 7 cm, L : 100 cm, P : 500 cm</p>
<p><em>À l’épaule</em> est une œuvre, lié au paysage et à la vie de ses occupants. C’est une installation temporaire occupant le site de la chapelle Notre-Dame-de-la-Paix durant plusieurs mois. Un projet artistique réalisé avec la participation de la communauté de Lac-Sergent. Inspirée par le lieu et son histoire, je présente le 28 juillet 2008, à la Direction de la Biennale internationale du lin de Portneuf, ce projet d’exposition  <em>À l’épaule</em>, une installation extérieure et temporaire,en réponse à leur appel de projet artistique  impliquant la communauté de Lac-Sergent. Sélectionnée parmi 7 propositions, l’œuvre réalisée réunie, par la symbolique de la graine de lin, un canot couché tissé à même le lin ensemencé sur le site et 70 canots de bois, identifiés par la communauté et amarrés à l’épaule au quai situé devant La Chapelle.</p>
<p class="lastNode">Ce projet débute le 23 mai 2009, par l’ensemencement de l’espace canot. Au cours de l’été la réalisation de l’œuvre suscite la participation d’une centaine de citoyens, lesquels ont entretenu le site, personnalisé leurs canots et réalisé des nœuds (pomme de touline) jouant le rôle de défense entre ceux-ci. Entre le 15 et le 20 août 2009, le lin à maturité me permet de procéder au tissage du canot in situ et l’arrivée du dernier canot personnalisé de terminer l’assemblage de cet ensemble sur une structure apte à la navigation. Le 22 août, lors du vernissage, l’amarrage de l’ensemble des canots de bois est précédé du transport de cette flottille, effectué par quatre jeunes rameurs expérimentés, à partir du Club nautique.</p>
<p>[/et_pb_text][/et_pb_column][/et_pb_row][et_pb_row admin_label= »Ligne »][et_pb_column type= »1_2&Prime;][et_pb_image admin_label= »Image » src= »https://colettematte.com/Bienvenue/wp-content/uploads/2018/01/010.jpg » show_in_lightbox= »on » url_new_window= »off » use_overlay= »off » sticky= »off » align= »left » always_center_on_mobile= »on » use_border_color= »off » border_color= »#ffffff » border_style= »solid » force_fullwidth= »off » animation= »left » /][/et_pb_column][et_pb_column type= »1_2&Prime;][et_pb_image admin_label= »Image » src= »https://colettematte.com/Bienvenue/wp-content/uploads/2018/01/bateau-4.jpg » show_in_lightbox= »on » url_new_window= »off » use_overlay= »off » sticky= »off » align= »left » always_center_on_mobile= »on » use_border_color= »off » border_color= »#ffffff » border_style= »solid » force_fullwidth= »off » animation= »left » /][/et_pb_column][/et_pb_row][et_pb_row admin_label= »Ligne »][et_pb_column type= »4_4&Prime;][/et_pb_column][/et_pb_row][et_pb_row admin_label= »Ligne »][et_pb_column type= »1_4&Prime;][/et_pb_column][et_pb_column type= »1_2&Prime;][et_pb_video_slider admin_label= »Curseur de défilement vidéo » show_arrows= »on » show_thumbnails= »on » show_image_overlay= »hide » controls_color= »light »]</p>
<p>[et_pb_video_slider_item src= »https://colettematte.com/Bienvenue/wp-content/uploads/2018/01/colette-à-lépaule.mov » background_layout= »dark » /]</p>
<p>[/et_pb_video_slider][/et_pb_column][et_pb_column type= »1_4&Prime;][/et_pb_column][/et_pb_row][/et_pb_section]</p>

<p>[et_pb_section bb_built= »1&Prime; admin_label= »section »][et_pb_row admin_label= »Ligne »][et_pb_column type= »1_4&Prime;][et_pb_image admin_label= »Image » src= »https://colettematte.com/Bienvenue/wp-content/uploads/2018/01/009.jpg » show_in_lightbox= »on » url_new_window= »off » use_overlay= »off » sticky= »off » align= »left » always_center_on_mobile= »on » use_border_color= »on » border_color= »#e09900&Prime; border_style= »double » force_fullwidth= »off » animation= »left » /][/et_pb_column][et_pb_column type= »3_4&Prime;][et_pb_text admin_label= »Texte » background_layout= »light » text_orientation= »left » use_border_color= »off » border_color= »#ffffff » border_style= »solid »] TITRE: À l’épaule DATE : 2009 MATÉRIAUX : Lin (semence et fibre), bois, acier, cordage, verre. DIMENSIONS : Le canot in situ : H : 50 cm, L : 400 cm, P : 100 cm. La [&hellip;]</p>
