{"id":758,"date":"2018-03-15T19:11:48","date_gmt":"2018-03-15T19:11:48","guid":{"rendered":"https:\/\/colettematte.com\/Bienvenue\/?post_type=project&#038;p=758"},"modified":"2018-04-14T15:35:16","modified_gmt":"2018-04-14T15:35:16","slug":"lumiere-dete","status":"publish","type":"project","link":"https:\/\/colettematte.com\/Bienvenue\/project\/lumiere-dete\/","title":{"rendered":"Lumi\u00e8re d&rsquo;\u00e9t\u00e9"},"content":{"rendered":"<p>[et_pb_section bb_built=\u00a0\u00bb1&Prime; admin_label=\u00a0\u00bbsection\u00a0\u00bb][et_pb_row admin_label=\u00a0\u00bbrow\u00a0\u00bb][et_pb_column type=\u00a0\u00bb2_3&Prime;][et_pb_text admin_label=\u00a0\u00bbTexte\u00a0\u00bb background_layout=\u00a0\u00bblight\u00a0\u00bb text_orientation=\u00a0\u00bbleft\u00a0\u00bb use_border_color=\u00a0\u00bboff\u00a0\u00bb border_color=\u00a0\u00bb#ffffff\u00a0\u00bb border_style=\u00a0\u00bbsolid\u00a0\u00bb]<\/p>\n<h3><em>Lumi\u00e8re d&rsquo;\u00e9t\u00e9,1997<\/em><\/h3>\n<p><b>Titre: <i>Lumi\u00e8re d\u2019\u00e9t\u00e9, Lumi\u00e8re d\u2019hiver \u00a0 \u00a0 <\/i><\/b>(<b>art optique et cin\u00e9tique<\/b>)<\/p>\n<p>Verri\u00e8res suspendues: interactives et participatives, elles d\u00e9composent la lumi\u00e8re<\/p>\n<p>\u00c9v\u00e8nement: <strong><i>Kal\u00e9id\u2019eauscope<\/i>,<\/strong> une exposition collective organis\u00e9e par les artistes verriers du Qu\u00e9bec, (temporaire 4 mois)\u00a0 tenue \u00e0\u00a0 la Biosph\u00e8re de Montr\u00e9al en 1997.<\/p>\n<p>Mat\u00e9riaux:<i> <\/i>verre flott\u00e9, grisaille, cuivre, plomb, zinc, acier, filtres polarisants\u00a0cellophane<\/p>\n<p>Dimension: D: 106 cm, P: 2 cm<\/p>\n<p>&nbsp;<\/p>\n<p>Note: La regrett\u00e9e Marcelle Ferron faisait aussi partie des exposants<\/p>\n<p>[\/et_pb_text][\/et_pb_column][et_pb_column type=\u00a0\u00bb1_3&Prime;][\/et_pb_column][\/et_pb_row][et_pb_row admin_label=\u00a0\u00bbLigne\u00a0\u00bb][et_pb_column type=\u00a0\u00bb4_4&Prime;][et_pb_text admin_label=\u00a0\u00bbTexte\u00a0\u00bb background_layout=\u00a0\u00bblight\u00a0\u00bb text_orientation=\u00a0\u00bbleft\u00a0\u00bb use_border_color=\u00a0\u00bboff\u00a0\u00bb border_color=\u00a0\u00bb#ffffff\u00a0\u00bb border_style=\u00a0\u00bbsolid\u00a0\u00bb]<\/p>\n<p style=\"text-align: left;\">Voici 2 images de chacune de ces verri\u00e8res, \u00e0 gauche, une premi\u00e8re vue \u00e0 l\u2019oeil nu et\u00a0\u00e0 droite une des vues \u00e0 travers un accessoire polarisant.<\/p>\n<p>[\/et_pb_text][\/et_pb_column][\/et_pb_row][et_pb_row admin_label=\u00a0\u00bbrow\u00a0\u00bb][et_pb_column type=\u00a0\u00bb1_2&Prime;][et_pb_image admin_label=\u00a0\u00bbImage\u00a0\u00bb src=\u00a0\u00bbhttps:\/\/colettematte.com\/Bienvenue\/wp-content\/uploads\/2018\/03\/lumi\u00e8re-d\u00e9t\u00e9-noir-et-blanc-1.jpg\u00a0\u00bb show_in_lightbox=\u00a0\u00bbon\u00a0\u00bb url_new_window=\u00a0\u00bboff\u00a0\u00bb use_overlay=\u00a0\u00bboff\u00a0\u00bb sticky=\u00a0\u00bboff\u00a0\u00bb align=\u00a0\u00bbleft\u00a0\u00bb always_center_on_mobile=\u00a0\u00bbon\u00a0\u00bb use_border_color=\u00a0\u00bboff\u00a0\u00bb border_color=\u00a0\u00bb#ffffff\u00a0\u00bb border_style=\u00a0\u00bbsolid\u00a0\u00bb force_fullwidth=\u00a0\u00bboff\u00a0\u00bb animation=\u00a0\u00bboff\u00a0\u00bb \/][\/et_pb_column][et_pb_column type=\u00a0\u00bb1_2&Prime;][et_pb_image admin_label=\u00a0\u00bbImage\u00a0\u00bb src=\u00a0\u00bbhttps:\/\/colettematte.com\/Bienvenue\/wp-content\/uploads\/2018\/03\/lumi\u00e8re-d\u00e9t\u00e9-couleur-2.jpg\u00a0\u00bb show_in_lightbox=\u00a0\u00bbon\u00a0\u00bb url_new_window=\u00a0\u00bboff\u00a0\u00bb use_overlay=\u00a0\u00bboff\u00a0\u00bb sticky=\u00a0\u00bboff\u00a0\u00bb align=\u00a0\u00bbleft\u00a0\u00bb always_center_on_mobile=\u00a0\u00bbon\u00a0\u00bb use_border_color=\u00a0\u00bboff\u00a0\u00bb border_color=\u00a0\u00bb#ffffff\u00a0\u00bb border_style=\u00a0\u00bbsolid\u00a0\u00bb force_fullwidth=\u00a0\u00bboff\u00a0\u00bb animation=\u00a0\u00bboff\u00a0\u00bb \/][\/et_pb_column][\/et_pb_row][\/et_pb_section]<\/p>\n","protected":false},"excerpt":{"rendered":"<p>[et_pb_section bb_built=\u00a0\u00bb1&Prime; admin_label=\u00a0\u00bbsection\u00a0\u00bb][et_pb_row admin_label=\u00a0\u00bbrow\u00a0\u00bb][et_pb_column type=\u00a0\u00bb2_3&Prime;][et_pb_text admin_label=\u00a0\u00bbTexte\u00a0\u00bb background_layout=\u00a0\u00bblight\u00a0\u00bb text_orientation=\u00a0\u00bbleft\u00a0\u00bb use_border_color=\u00a0\u00bboff\u00a0\u00bb border_color=\u00a0\u00bb#ffffff\u00a0\u00bb border_style=\u00a0\u00bbsolid\u00a0\u00bb] Lumi\u00e8re d&rsquo;\u00e9t\u00e9,1997 Titre: Lumi\u00e8re d\u2019\u00e9t\u00e9, Lumi\u00e8re d\u2019hiver \u00a0 \u00a0 (art optique et cin\u00e9tique) Verri\u00e8res suspendues: interactives et participatives, elles d\u00e9composent la lumi\u00e8re \u00c9v\u00e8nement: Kal\u00e9id\u2019eauscope, une exposition collective organis\u00e9e par les artistes verriers du Qu\u00e9bec, (temporaire 4 mois)\u00a0 tenue \u00e0\u00a0 la Biosph\u00e8re de Montr\u00e9al en [&hellip;]<\/p>\n","protected":false},"author":1,"featured_media":759,"comment_status":"open","ping_status":"closed","template":"","meta":{"_et_pb_use_builder":"on","_et_pb_old_content":"","_et_gb_content_width":"","footnotes":""},"project_category":[13],"project_tag":[],"class_list":["post-758","project","type-project","status-publish","has-post-thumbnail","hentry","project_category-installation-chromo-cinetique"],"_links":{"self":[{"href":"https:\/\/colettematte.com\/Bienvenue\/wp-json\/wp\/v2\/project\/758","targetHints":{"allow":["GET"]}}],"collection":[{"href":"https:\/\/colettematte.com\/Bienvenue\/wp-json\/wp\/v2\/project"}],"about":[{"href":"https:\/\/colettematte.com\/Bienvenue\/wp-json\/wp\/v2\/types\/project"}],"author":[{"embeddable":true,"href":"https:\/\/colettematte.com\/Bienvenue\/wp-json\/wp\/v2\/users\/1"}],"replies":[{"embeddable":true,"href":"https:\/\/colettematte.com\/Bienvenue\/wp-json\/wp\/v2\/comments?post=758"}],"version-history":[{"count":19,"href":"https:\/\/colettematte.com\/Bienvenue\/wp-json\/wp\/v2\/project\/758\/revisions"}],"predecessor-version":[{"id":881,"href":"https:\/\/colettematte.com\/Bienvenue\/wp-json\/wp\/v2\/project\/758\/revisions\/881"}],"wp:featuredmedia":[{"embeddable":true,"href":"https:\/\/colettematte.com\/Bienvenue\/wp-json\/wp\/v2\/media\/759"}],"wp:attachment":[{"href":"https:\/\/colettematte.com\/Bienvenue\/wp-json\/wp\/v2\/media?parent=758"}],"wp:term":[{"taxonomy":"project_category","embeddable":true,"href":"https:\/\/colettematte.com\/Bienvenue\/wp-json\/wp\/v2\/project_category?post=758"},{"taxonomy":"project_tag","embeddable":true,"href":"https:\/\/colettematte.com\/Bienvenue\/wp-json\/wp\/v2\/project_tag?post=758"}],"curies":[{"name":"wp","href":"https:\/\/api.w.org\/{rel}","templated":true}]}}

Lumière d&rsquo;été

<p>[et_pb_section bb_built= »1&Prime; admin_label= »section »][et_pb_row admin_label= »row »][et_pb_column type= »2_3&Prime;][et_pb_text admin_label= »Texte » background_layout= »light » text_orientation= »left » use_border_color= »off » border_color= »#ffffff » border_style= »solid »]</p>
<h3><em>Lumière d&rsquo;été,1997</em></h3>
<p><b>Titre: <i>Lumière d’été, Lumière d’hiver     </i></b>(<b>art optique et cinétique</b>)</p>
<p>Verrières suspendues: interactives et participatives, elles décomposent la lumière</p>
<p>Évènement: <strong><i>Kaléid’eauscope</i>,</strong> une exposition collective organisée par les artistes verriers du Québec, (temporaire 4 mois)  tenue à  la Biosphère de Montréal en 1997.</p>
<p>Matériaux:<i> </i>verre flotté, grisaille, cuivre, plomb, zinc, acier, filtres polarisants cellophane</p>
<p>Dimension: D: 106 cm, P: 2 cm</p>
<p>&nbsp;</p>
<p>Note: La regrettée Marcelle Ferron faisait aussi partie des exposants</p>
<p>[/et_pb_text][/et_pb_column][et_pb_column type= »1_3&Prime;][/et_pb_column][/et_pb_row][et_pb_row admin_label= »Ligne »][et_pb_column type= »4_4&Prime;][et_pb_text admin_label= »Texte » background_layout= »light » text_orientation= »left » use_border_color= »off » border_color= »#ffffff » border_style= »solid »]</p>
<p style="text-align: left;">Voici 2 images de chacune de ces verrières, à gauche, une première vue à l’oeil nu et à droite une des vues à travers un accessoire polarisant.</p>
<p>[/et_pb_text][/et_pb_column][/et_pb_row][et_pb_row admin_label= »row »][et_pb_column type= »1_2&Prime;][et_pb_image admin_label= »Image » src= »https://colettematte.com/Bienvenue/wp-content/uploads/2018/03/lumière-dété-noir-et-blanc-1.jpg » show_in_lightbox= »on » url_new_window= »off » use_overlay= »off » sticky= »off » align= »left » always_center_on_mobile= »on » use_border_color= »off » border_color= »#ffffff » border_style= »solid » force_fullwidth= »off » animation= »off » /][/et_pb_column][et_pb_column type= »1_2&Prime;][et_pb_image admin_label= »Image » src= »https://colettematte.com/Bienvenue/wp-content/uploads/2018/03/lumière-dété-couleur-2.jpg » show_in_lightbox= »on » url_new_window= »off » use_overlay= »off » sticky= »off » align= »left » always_center_on_mobile= »on » use_border_color= »off » border_color= »#ffffff » border_style= »solid » force_fullwidth= »off » animation= »off » /][/et_pb_column][/et_pb_row][/et_pb_section]</p>

<p>[et_pb_section bb_built= »1&Prime; admin_label= »section »][et_pb_row admin_label= »row »][et_pb_column type= »2_3&Prime;][et_pb_text admin_label= »Texte » background_layout= »light » text_orientation= »left » use_border_color= »off » border_color= »#ffffff » border_style= »solid »] Lumière d&rsquo;été,1997 Titre: Lumière d’été, Lumière d’hiver     (art optique et cinétique) Verrières suspendues: interactives et participatives, elles décomposent la lumière Évènement: Kaléid’eauscope, une exposition collective organisée par les artistes verriers du Québec, (temporaire 4 mois)  tenue à  la Biosphère de Montréal en [&hellip;]</p>
