{"id":776,"date":"2018-03-16T19:45:45","date_gmt":"2018-03-16T19:45:45","guid":{"rendered":"https:\/\/colettematte.com\/Bienvenue\/?post_type=project&#038;p=776"},"modified":"2018-04-13T19:59:39","modified_gmt":"2018-04-13T19:59:39","slug":"la-maree","status":"publish","type":"project","link":"https:\/\/colettematte.com\/Bienvenue\/project\/la-maree\/","title":{"rendered":"La mar\u00e9e"},"content":{"rendered":"<p>[et_pb_section bb_built=\u00a0\u00bb1&Prime; admin_label=\u00a0\u00bbsection\u00a0\u00bb][et_pb_row admin_label=\u00a0\u00bbrow\u00a0\u00bb][et_pb_column type=\u00a0\u00bb1_2&Prime;][et_pb_image admin_label=\u00a0\u00bbImage\u00a0\u00bb src=\u00a0\u00bbhttps:\/\/colettematte.com\/Bienvenue\/wp-content\/uploads\/2018\/03\/Mar\u00e9e-2.jpg\u00a0\u00bb show_in_lightbox=\u00a0\u00bbon\u00a0\u00bb url_new_window=\u00a0\u00bboff\u00a0\u00bb use_overlay=\u00a0\u00bboff\u00a0\u00bb sticky=\u00a0\u00bboff\u00a0\u00bb align=\u00a0\u00bbleft\u00a0\u00bb always_center_on_mobile=\u00a0\u00bbon\u00a0\u00bb use_border_color=\u00a0\u00bbon\u00a0\u00bb border_color=\u00a0\u00bb#000000&Prime; border_style=\u00a0\u00bbsolid\u00a0\u00bb force_fullwidth=\u00a0\u00bboff\u00a0\u00bb animation=\u00a0\u00bbleft\u00a0\u00bb border_width=\u00a0\u00bb2px\u00a0\u00bb \/][\/et_pb_column][et_pb_column type=\u00a0\u00bb1_2&Prime;][et_pb_text admin_label=\u00a0\u00bbTexte\u00a0\u00bb background_layout=\u00a0\u00bblight\u00a0\u00bb text_orientation=\u00a0\u00bbleft\u00a0\u00bb use_border_color=\u00a0\u00bboff\u00a0\u00bb border_color=\u00a0\u00bb#ffffff\u00a0\u00bb border_style=\u00a0\u00bbsolid\u00a0\u00bb]<\/p>\n<h4><b><i><\/i><\/b><b><i>La mar\u00e9e,\u00a0<\/i><\/b><b>2002<\/b><\/h4>\n<p>Installation interactive,<br \/>\nsculpture chromo-cin\u00e9tique,<br \/>\nd\u00e9compose la lumi\u00e8re<\/p>\n<p>Un hommage au fleuve Saint-Laurent r\u00e9alis\u00e9 pour l\u2019\u00e9v\u00e8nement:<br \/>\n<i>\u00abJ\u2019ai toute la confusion d\u2019un fleuve qui s\u2019\u00e9veille\u00bb<\/i><\/p>\n<p>Vieux Presbyt\u00e8re de Deschambault, Qu\u00e9bec<\/p>\n<p>&nbsp;<\/p>\n<p><b>Mat\u00e9riaux: <\/b>verre flott\u00e9 (grisaille), filtres polarisants, cuivre, plomb, acier, fonte<br \/>\n<b>Accessoires: <\/b>2 filtres rotatifs suspendus<\/p>\n<p><b>Dimension:\u00a0<\/b><\/p>\n<p>H: 195 cm<\/p>\n<p>L:\u00a0 117 cm<\/p>\n<p>P: \u00a0 69 cm<\/p>\n<p>[\/et_pb_text][\/et_pb_column][\/et_pb_row][et_pb_row admin_label=\u00a0\u00bbrow\u00a0\u00bb][et_pb_column type=\u00a0\u00bb1_2&Prime;][et_pb_text admin_label=\u00a0\u00bbTexte\u00a0\u00bb background_layout=\u00a0\u00bblight\u00a0\u00bb text_orientation=\u00a0\u00bbleft\u00a0\u00bb use_border_color=\u00a0\u00bboff\u00a0\u00bb border_color=\u00a0\u00bb#ffffff\u00a0\u00bb border_style=\u00a0\u00bbsolid\u00a0\u00bb]<\/p>\n<p>&nbsp;<\/p>\n<p>&nbsp;<\/p>\n<p>&nbsp;<\/p>\n<p>D\u00e9tail : une des vues avec filtre polarisant.<br \/>\nOn<i> <\/i>peut y lire les mots de Gatien Lapointe<br \/>\ntir\u00e9 de <i>l\u2019Ode au St-Laurent:\u00a0<\/i><\/p>\n<p><i>\u00a0 \u00ab Je vais de souvenir en avenir\u00bb<\/i><\/p>\n<p>[\/et_pb_text][\/et_pb_column][et_pb_column type=\u00a0\u00bb1_2&Prime;][et_pb_image admin_label=\u00a0\u00bbImage\u00a0\u00bb src=\u00a0\u00bbhttps:\/\/colettematte.com\/Bienvenue\/wp-content\/uploads\/2018\/03\/Mar\u00e9e-3.jpg\u00a0\u00bb show_in_lightbox=\u00a0\u00bbon\u00a0\u00bb url_new_window=\u00a0\u00bboff\u00a0\u00bb use_overlay=\u00a0\u00bboff\u00a0\u00bb sticky=\u00a0\u00bboff\u00a0\u00bb align=\u00a0\u00bbleft\u00a0\u00bb always_center_on_mobile=\u00a0\u00bbon\u00a0\u00bb use_border_color=\u00a0\u00bboff\u00a0\u00bb border_color=\u00a0\u00bb#ffffff\u00a0\u00bb border_style=\u00a0\u00bbsolid\u00a0\u00bb force_fullwidth=\u00a0\u00bboff\u00a0\u00bb animation=\u00a0\u00bbleft\u00a0\u00bb \/][\/et_pb_column][\/et_pb_row][\/et_pb_section]<\/p>\n","protected":false},"excerpt":{"rendered":"<p>[et_pb_section bb_built=\u00a0\u00bb1&Prime; admin_label=\u00a0\u00bbsection\u00a0\u00bb][et_pb_row admin_label=\u00a0\u00bbrow\u00a0\u00bb][et_pb_column type=\u00a0\u00bb1_2&Prime;][et_pb_image admin_label=\u00a0\u00bbImage\u00a0\u00bb src=\u00a0\u00bbhttps:\/\/colettematte.com\/Bienvenue\/wp-content\/uploads\/2018\/03\/Mar\u00e9e-2.jpg\u00a0\u00bb show_in_lightbox=\u00a0\u00bbon\u00a0\u00bb url_new_window=\u00a0\u00bboff\u00a0\u00bb use_overlay=\u00a0\u00bboff\u00a0\u00bb sticky=\u00a0\u00bboff\u00a0\u00bb align=\u00a0\u00bbleft\u00a0\u00bb always_center_on_mobile=\u00a0\u00bbon\u00a0\u00bb use_border_color=\u00a0\u00bbon\u00a0\u00bb border_color=\u00a0\u00bb#000000&Prime; border_style=\u00a0\u00bbsolid\u00a0\u00bb force_fullwidth=\u00a0\u00bboff\u00a0\u00bb animation=\u00a0\u00bbleft\u00a0\u00bb border_width=\u00a0\u00bb2px\u00a0\u00bb \/][\/et_pb_column][et_pb_column type=\u00a0\u00bb1_2&Prime;][et_pb_text admin_label=\u00a0\u00bbTexte\u00a0\u00bb background_layout=\u00a0\u00bblight\u00a0\u00bb text_orientation=\u00a0\u00bbleft\u00a0\u00bb use_border_color=\u00a0\u00bboff\u00a0\u00bb border_color=\u00a0\u00bb#ffffff\u00a0\u00bb border_style=\u00a0\u00bbsolid\u00a0\u00bb] La mar\u00e9e,\u00a02002 Installation interactive, sculpture chromo-cin\u00e9tique, d\u00e9compose la lumi\u00e8re Un hommage au fleuve Saint-Laurent r\u00e9alis\u00e9 pour l\u2019\u00e9v\u00e8nement: \u00abJ\u2019ai toute la confusion d\u2019un fleuve qui s\u2019\u00e9veille\u00bb Vieux Presbyt\u00e8re de [&hellip;]<\/p>\n","protected":false},"author":1,"featured_media":779,"comment_status":"open","ping_status":"closed","template":"","meta":{"_et_pb_use_builder":"on","_et_pb_old_content":"","_et_gb_content_width":"","footnotes":""},"project_category":[13],"project_tag":[],"class_list":["post-776","project","type-project","status-publish","has-post-thumbnail","hentry","project_category-installation-chromo-cinetique"],"_links":{"self":[{"href":"https:\/\/colettematte.com\/Bienvenue\/wp-json\/wp\/v2\/project\/776","targetHints":{"allow":["GET"]}}],"collection":[{"href":"https:\/\/colettematte.com\/Bienvenue\/wp-json\/wp\/v2\/project"}],"about":[{"href":"https:\/\/colettematte.com\/Bienvenue\/wp-json\/wp\/v2\/types\/project"}],"author":[{"embeddable":true,"href":"https:\/\/colettematte.com\/Bienvenue\/wp-json\/wp\/v2\/users\/1"}],"replies":[{"embeddable":true,"href":"https:\/\/colettematte.com\/Bienvenue\/wp-json\/wp\/v2\/comments?post=776"}],"version-history":[{"count":13,"href":"https:\/\/colettematte.com\/Bienvenue\/wp-json\/wp\/v2\/project\/776\/revisions"}],"predecessor-version":[{"id":874,"href":"https:\/\/colettematte.com\/Bienvenue\/wp-json\/wp\/v2\/project\/776\/revisions\/874"}],"wp:featuredmedia":[{"embeddable":true,"href":"https:\/\/colettematte.com\/Bienvenue\/wp-json\/wp\/v2\/media\/779"}],"wp:attachment":[{"href":"https:\/\/colettematte.com\/Bienvenue\/wp-json\/wp\/v2\/media?parent=776"}],"wp:term":[{"taxonomy":"project_category","embeddable":true,"href":"https:\/\/colettematte.com\/Bienvenue\/wp-json\/wp\/v2\/project_category?post=776"},{"taxonomy":"project_tag","embeddable":true,"href":"https:\/\/colettematte.com\/Bienvenue\/wp-json\/wp\/v2\/project_tag?post=776"}],"curies":[{"name":"wp","href":"https:\/\/api.w.org\/{rel}","templated":true}]}}

La marée

<p>[et_pb_section bb_built= »1&Prime; admin_label= »section »][et_pb_row admin_label= »row »][et_pb_column type= »1_2&Prime;][et_pb_image admin_label= »Image » src= »https://colettematte.com/Bienvenue/wp-content/uploads/2018/03/Marée-2.jpg » show_in_lightbox= »on » url_new_window= »off » use_overlay= »off » sticky= »off » align= »left » always_center_on_mobile= »on » use_border_color= »on » border_color= »#000000&Prime; border_style= »solid » force_fullwidth= »off » animation= »left » border_width= »2px » /][/et_pb_column][et_pb_column type= »1_2&Prime;][et_pb_text admin_label= »Texte » background_layout= »light » text_orientation= »left » use_border_color= »off » border_color= »#ffffff » border_style= »solid »]</p>
<h4><b><i></i></b><b><i>La marée, </i></b><b>2002</b></h4>
<p>Installation interactive,<br />
sculpture chromo-cinétique,<br />
décompose la lumière</p>
<p>Un hommage au fleuve Saint-Laurent réalisé pour l’évènement:<br />
<i>«J’ai toute la confusion d’un fleuve qui s’éveille»</i></p>
<p>Vieux Presbytère de Deschambault, Québec</p>
<p>&nbsp;</p>
<p><b>Matériaux: </b>verre flotté (grisaille), filtres polarisants, cuivre, plomb, acier, fonte<br />
<b>Accessoires: </b>2 filtres rotatifs suspendus</p>
<p><b>Dimension: </b></p>
<p>H: 195 cm</p>
<p>L:  117 cm</p>
<p>P:   69 cm</p>
<p>[/et_pb_text][/et_pb_column][/et_pb_row][et_pb_row admin_label= »row »][et_pb_column type= »1_2&Prime;][et_pb_text admin_label= »Texte » background_layout= »light » text_orientation= »left » use_border_color= »off » border_color= »#ffffff » border_style= »solid »]</p>
<p>&nbsp;</p>
<p>&nbsp;</p>
<p>&nbsp;</p>
<p>Détail : une des vues avec filtre polarisant.<br />
On<i> </i>peut y lire les mots de Gatien Lapointe<br />
tiré de <i>l’Ode au St-Laurent: </i></p>
<p><i>  « Je vais de souvenir en avenir»</i></p>
<p>[/et_pb_text][/et_pb_column][et_pb_column type= »1_2&Prime;][et_pb_image admin_label= »Image » src= »https://colettematte.com/Bienvenue/wp-content/uploads/2018/03/Marée-3.jpg » show_in_lightbox= »on » url_new_window= »off » use_overlay= »off » sticky= »off » align= »left » always_center_on_mobile= »on » use_border_color= »off » border_color= »#ffffff » border_style= »solid » force_fullwidth= »off » animation= »left » /][/et_pb_column][/et_pb_row][/et_pb_section]</p>

<p>[et_pb_section bb_built= »1&Prime; admin_label= »section »][et_pb_row admin_label= »row »][et_pb_column type= »1_2&Prime;][et_pb_image admin_label= »Image » src= »https://colettematte.com/Bienvenue/wp-content/uploads/2018/03/Marée-2.jpg » show_in_lightbox= »on » url_new_window= »off » use_overlay= »off » sticky= »off » align= »left » always_center_on_mobile= »on » use_border_color= »on » border_color= »#000000&Prime; border_style= »solid » force_fullwidth= »off » animation= »left » border_width= »2px » /][/et_pb_column][et_pb_column type= »1_2&Prime;][et_pb_text admin_label= »Texte » background_layout= »light » text_orientation= »left » use_border_color= »off » border_color= »#ffffff » border_style= »solid »] La marée, 2002 Installation interactive, sculpture chromo-cinétique, décompose la lumière Un hommage au fleuve Saint-Laurent réalisé pour l’évènement: «J’ai toute la confusion d’un fleuve qui s’éveille» Vieux Presbytère de [&hellip;]</p>
